 + 7, -3*m - 9 = -2*m - v*r. Calculate the remainder when 11 is divided by m.
5
Suppose r = 26 + 16. What is the remainder when r is divided by 11?
9
Suppose 53 = 5*q - 312. Let c(m) = m**2 + 18*m - 21. Calculate the remainder when q is divided by c(-20).
16
Calculate the remainder when 1/(-2) - (-110)/4 is divided by 15.
12
Suppose -2*t + 26 = t + 2*o, -t + 14 = 2*o. Suppose 2 = 4*k - t. Calculate the remainder when (6/(-9))/((-10)/75) is divided by k.
1
Let y(t) = -t + 2. Suppose 2*f - 10 = -4*q + 6, -2*f + 18 = 5*q. Suppose -31 = f*w - 7. Calculate the remainder when y(w) is divided by 3.
2
Let m = 4 + 61. Calculate the remainder when m is divided by 17.
14
Let i be (-3)/(-2)*4/3. Let z be 5 - 6 - (-1 + i). Calculate the remainder when 21 is divided by 22*z/(2*-2).
10
Suppose 3*m = -0*g + g - 10, -g - 5*m = 6. Suppose g*s - 8 = -0*s. Calculate the remainder when 5/(-2)*(-5 + 7)*-1 is divided by s.
1
Let y = -44 - -53. Suppose 0 = 2*p - 4*p + 50. Calculate the remainder when p is divided by y.
7
Let v(g) = g**2 - 7*g + 10. Suppose -4*z - y = -139, -5*z - 5*y + 228 = 58. What is the remainder when z is divided by v(8)?
17
Suppose 15 = -4*h + 51. What is the remainder when h is divided by 4?
1
Let z = 6 + 9. Suppose 36*h - 31*h = 140. Calculate the remainder when h is divided by z.
13
Suppose 4*z - 375 = -z. What is the remainder when 47 is divided by 30*5*6/z?
11
Let n(u) = -u**2 - 9*u + 18. Let w be n(-11). Let y(a) = 3*a**2 + 4*a + 1. What is the remainder when y(w) is divided by 9?
6
Let t = 4 - -21. Suppose -t = -4*z + 3. Suppose -3 = i - 7. Calculate the remainder when z is divided by i.
3
Suppose 0 = -r + a - 111, -a + 218 = -2*r - 3*a. Calculate the remainder when 85 is divided by ((-12)/15)/(4/r).
19
Let j(g) = g + 13. Let h be j(-10). Let y = 34 + -21. What is the remainder when ((-10)/h)/((-2)/15) is divided by y?
12
Let t(x) = x**3 + x**2 - x + 10. Let o be t(0). Suppose -4*p + 66 = o. Suppose 1 = 5*w - 24. Calculate the remainder when p is divided by w.
4
Suppose -g = -2*g - 1, 2*g + 5 = d. Suppose 2*l - d*l + 4*x - 11 = 0, l - 9 = -x. Calculate the remainder when l is divided by 4.
1
Suppose -5*j + 5*s = 4*s - 148, -3*s = -4*j + 125. Calculate the remainder when j is divided by 7.
1
Suppose 2*y - 2*n = -40, 3*y + 6*n - n = -68. Let s = -13 - y. Calculate the remainder when 22 is divided by s.
6
Let g(u) = -8*u**3 - 1 + u**2 - 2*u - 2*u**2 + u**2. Calculate the remainder when 25 is divided by g(-1).
7
Suppose 53 = -2*d + 191. Suppose 6 = 5*n - d. What is the remainder when 57 is divided by n?
12
Let i = -4 + 9. Let q = i - 9. Calculate the remainder when q/6 - (-50)/3 is divided by 6.
4
Suppose 8*w = 4*w + 12. Suppose -2*v - q + 17 = 0, 26 = 3*v - q + w*q. Let h(k) = -k**3 - k**2 - k + 15. Calculate the remainder when h(0) is divided by v.
7
Let x(c) = c**3 - 3*c**2 + 7*c + 7. Let t(q) = q**3 - 4*q**2 + 8*q + 8. Let p(o) = 5*t(o) - 6*x(o). Calculate the remainder when 4 is divided by p(-2).
0
Suppose 0*q = 5*q - 35. Let b(m) = -m**3 + 7*m**2 + 1. What is the remainder when 3 is divided by b(q)?
0
Suppose h = -2*h + 198. Calculate the remainder when h is divided by 23.
20
Suppose -3*t - 14 = 4*i, 3*i + 9 = -2*t - 2. Suppose -t*u = 4*l - 10, 4*u + 7 = 3*l - 2*l. What is the remainder when 30 is divided by (80/25)/(u/(-5))?
14
Let w be 1*2/(-5)*5. Suppose -5*o + 36 = -24. What is the remainder when -69*(-1 + w/(-3)) is divided by o?
11
Suppose 19 + 8 = 3*v. What is the remainder when v is divided by 4?
1
Let d(o) = -o**2 - 8*o. Let k be d(-7). Let h = 3 + k. Let q(z) = -4*z**3 - z**2. What is the remainder when q(-2) is divided by h?
8
Let n = 41 + -14. Calculate the remainder when n is divided by (-8 + 2 + -1)*-2.
13
Let y = 98 + -97. Suppose 3*l + 5 = 4*m + 4*l, 9 = -3*l. Calculate the remainder when m is divided by y.
0
Suppose -3*h + 5 = -2*h. Let o = -92 + 101. Calculate the remainder when o is divided by h.
4
Suppose 2*j + 27 = 3*j + 3*z, 0 = 5*j - 4*z - 40. Calculate the remainder when 33 is divided by j.
9
Let c(k) = -k**2 + k + 17. What is the remainder when 64 is divided by c(0)?
13
Let d(a) = -38*a**3 - a - 1. Let o be d(-1). Suppose 4*q = 3*q + t + o, 4*q - 152 = 3*t. What is the remainder when q is divided by (2/((-4)/(-26)))/1?
12
Suppose -4*k + 2 - 10 = 0. Suppose 0 = g - 0*g - 14. What is the remainder when g is divided by 1 + (k - -1) - -5?
4
Suppose -d - 5 = 0, -4*g - 4*d = -143 - 17. Suppose -c - 6 = -g. Suppose 0 = -3*y - 0*y + c. What is the remainder when y is divided by 7?
6
Suppose -2*i = u + 2*i + 4, 2*u + 4*i = 0. Suppose 3*t - 9 + 1 = -4*c, -9 = -5*c - u*t. Calculate the remainder when 8/20 + (-86)/(-10) is divided by c.
4
Suppose 0 = -f + 12*f - 385. What is the remainder when 138 is divided by f?
33
What is the remainder when 520/20*2/1 is divided by (-64)/(-6) + (-1)/(-3)?
8
Suppose 35 = 7*i - 91. What is the remainder when 51 is divided by i?
15
Let w = -2 - -4. Suppose 5*j + 5*q - 80 = 2*q, 0 = -3*j - w*q + 47. Calculate the remainder when j is divided by 5.
4
Suppose -n - 4 = -2*n. What is the remainder when n is divided by 2?
0
Let c = 69 + -56. Calculate the remainder when 37 is divided by c.
11
Suppose 0 = -2*d - s + 10, 0 = -3*d + 4*s - 0*s + 26. Suppose -i = 4*i - 10. Let q(o) = 2*o**2 - 2*o. Calculate the remainder when d is divided by q(i).
2
Let z(m) be the second derivative of -2*m**2 + 4*m - 1/3*m**3 + 0. Calculate the remainder when 7 is divided by z(-4).
3
Let t(f) = -2*f - 29. Calculate the remainder when 28 is divided by t(-20).
6
Suppose -p - 4*p + 2*g - 1 = 0, 0 = p - g + 2. What is the remainder when 59 is divided by (30/9)/(p/6)?
19
Let h(f) = 25*f**2 - 2*f + 1. Let q be h(1). Suppose -3*w - w = -q. Calculate the remainder when 16 is divided by w.
4
Let z(f) = -22*f - 10. What is the remainder when z(-8) is divided by 42?
40
Suppose -h - 2*y + 20 = 3*y, 4*y = -h + 17. What is the remainder when 5 is divided by h?
0
Let h be (1/2)/(4/(-8)). What is the remainder when 33 is divided by h/(-2)*(4 - -14)?
6
Suppose 0*z - 6*z = -54. What is the remainder when 33 is divided by z?
6
Let h(z) = -21*z. Let d be h(-1). Suppose 8 = -b + d. What is the remainder when b is divided by 7?
6
Suppose 0*r + 8 = 2*r. Suppose 4*q = r*c, 12 = 4*q - c - 3. Suppose -4*g = -107 - q. What is the remainder when g is divided by 10?
8
Let l(b) = b**3 + 13*b**2 + 16*b + 10. Suppose 3*w = 111 - 33. What is the remainder when l(-11) is divided by w?
24
Let u(p) = -p**3 - 3*p**2 + 3*p - 7. Let r be u(-5). Suppose 0 = 3*z - 3*y + 4 - r, 0 = -5*z + 4*y + 35. Calculate the remainder when z is divided by 2.
1
Calculate the remainder when (-1)/(-1)*(4 + 33) is divided by 13.
11
Let q = -4 - -8. Let i = 4 - q. Let l(w) = -w**3 - w + 19. Calculate the remainder when l(i) is divided by 7.
5
Let d(u) = 5*u + 157. Calculate the remainder when d(0) is divided by 32.
29
Suppose 2*d = -l + 2*l - 24, l = 3*d + 27. What is the remainder when l is divided by 4?
2
Let g(s) = -s**2 + 13*s + 23. Calculate the remainder when g(12) is divided by (-5)/15 - (-37)/3.
11
Let x(i) = i**2 - i - 2. Let s be x(2). Suppose s*l + 20 = 5*l. Suppose -4*q + 35 - 7 = -3*v, -4*v = q - 7. What is the remainder when q is divided by l?
3
Let l(k) = -k**2 - 7*k. Calculate the remainder when 47 is divided by l(-4).
11
Let x(k) = k**2 + 4*k + 6. Let i = -6 + 1. Calculate the remainder when x(i) is divided by 4.
3
Let s(h) = h**3 + 8*h**2 + 3. What is the remainder when 7 is divided by s(-8)?
1
Let i = -20 + 28. Suppose 6*s - 5*s - i = 0. What is the remainder when 15 is divided by s?
7
Let w(l) = l**2 + l + 5. Let d be w(0). Suppose 16 = d*v - 9. What is the remainder when 1*2/(-7) + (-1276)/(-154) is divided by v?
3
Let u(a) = -a**3 + a**2 + 1. Let v be u(2). Let s(o) = 12*o - 1. Let z be s(v). Let w = z + 83. Calculate the remainder when w is divided by 16.
14
Let r(h) = 13 - 13 + 2*h. Calculate the remainder when r(3) is divided by 4.
2
Calculate the remainder when (3 + -2 - 0)/(23/2714) is divided by 31.
25
Let l = 29 - 25. Calculate the remainder when l is divided by 3.
1
Let u = -72 - -134. Calculate the remainder when u is divided by 16.
14
Let y = 52 + -30. Let v(k) = -42*k + 2. Calculate the remainder when v(-2) is divided by y.
20
Let l = 3 +